are the prime factors of 1769358?
2, 3, 294893
List the prime factors of 869914.
2, 434957
List the prime factors of 2244152.
2, 31, 9049
List the prime factors of 145305.
3, 5, 3229
What are the prime factors of 6585293?
11, 13, 46051
What are the prime factors of 91353?
3, 37, 823
List the prime factors of 25196505.
3, 5, 29, 57923
What are the prime factors of 1610638?
2, 619, 1301
List the prime factors of 4188809.
61, 68669
List the prime factors of 326769.
3, 108923
List the prime factors of 670758.
2, 3, 11, 10163
List the prime factors of 51925.
5, 31, 67
What are the prime factors of 12689567?
11, 1153597
What are the prime factors of 1209289?
43, 28123
List the prime factors of 12227535.
3, 5, 271723
List the prime factors of 111343.
23, 47, 103
What are the prime factors of 6237523?
29, 215087
List the prime factors of 200430.
2, 3, 5, 17, 131
What are the prime factors of 205782?
2, 3, 34297
What are the prime factors of 223881?
3, 7, 1523
List the prime factors of 711838.
2, 157, 2267
What are the prime factors of 2123515?
5, 239, 1777
What are the prime factors of 319774?
2, 7, 13, 251
List the prime factors of 263925.
3, 5, 17, 23
What are the prime factors of 827429?
827429
What are the prime factors of 2305428?
2, 3, 23, 8353
What are the prime factors of 2985123?
3, 37, 26893
List the prime factors of 6194898.
2, 3, 344161
List the prime factors of 38153227.
7, 2293, 2377
List the prime factors of 32379965.
5, 31, 317, 659
What are the prime factors of 3732981?
3, 7, 177761
What are the prime factors of 1921598?
2, 7, 29, 4733
What are the prime factors of 10393996?
2, 431, 6029
What are the prime factors of 18993612?
2, 3, 11, 103, 127
What are the prime factors of 2499259?
7, 557, 641
What are the prime factors of 609729?
3, 19, 563
What are the prime factors of 229852?
2, 7, 8209
What are the prime factors of 3048351?
3, 23, 44179
List the prime factors of 3672.
2, 3, 17
What are the prime factors of 505332?
2, 3, 4679
List the prime factors of 1423282.
2, 7, 101663
What are the prime factors of 2314561?
19, 43, 2833
List the prime factors of 915151.
31, 53, 557
What are the prime factors of 1373332?
2, 343333
List the prime factors of 309862.
2, 7, 22133
What are the prime factors of 333586?
2, 11, 59, 257
What are the prime factors of 1576142?
2, 788071
What are the prime factors of 913714?
2, 79, 5783
What are the prime factors of 4996824?
2, 3, 7, 607
List the prime factors of 1012602.
2, 3, 71, 2377
What are the prime factors of 1424303?
73, 109, 179
What are the prime factors of 3893774?
2, 97, 20071
List the prime factors of 3070160.
2, 5, 38377
List the prime factors of 11799048.
2, 3, 491627
What are the prime factors of 3320916?
2, 3, 17, 73, 223
List the prime factors of 334842.
2, 3, 55807
List the prime factors of 5933993.
13, 456461
List the prime factors of 534178.
2, 89, 3001
What are the prime factors of 220596?
2, 3, 31, 593
What are the prime factors of 20855678?
2, 10427839
List the prime factors of 229090.
2, 5, 31, 739
List the prime factors of 3023890.
2, 5, 71, 4259
What are the prime factors of 112422?
2, 3, 41, 457
List the prime factors of 428641.
499, 859
What are the prime factors of 42927?
3, 41, 349
What are the prime factors of 6170615?
5, 11, 151, 743
What are the prime factors of 1299811?
1299811
What are the prime factors of 28771771?
7, 587179
List the prime factors of 17913754.
2, 229, 39113
List the prime factors of 1458037.
7, 208291
List the prime factors of 2084550.
2, 3, 5, 13, 1069
What are the prime factors of 764265?
3, 5, 50951
List the prime factors of 865503.
3, 96167
List the prime factors of 244116.
2, 3, 6781
List the prime factors of 10554.
2, 3, 1759
What are the prime factors of 277896?
2, 3, 11579
What are the prime factors of 152446?
2, 7, 10889
What are the prime factors of 403589?
31, 47, 277
What are the prime factors of 2221053?
3, 740351
List the prime factors of 399611.
61, 6551
What are the prime factors of 766962?
2, 3, 7, 2029
What are the prime factors of 19325619?
3, 43, 49937
What are the prime factors of 407842?
2, 203921
List the prime factors of 2019291.
3, 41, 16417
What are the prime factors of 7779342?
2, 3, 1296557
List the prime factors of 1495786.
2, 79, 9467
What are the prime factors of 1339464?
2, 3, 7, 17, 67
What are the prime factors of 167281?
409
List the prime factors of 3910087.
3910087
What are the prime factors of 1152403?
7, 193, 853
List the prime factors of 7494953.
7494953
What are the prime factors of 1003190?
2, 5, 43, 2333
What are the prime factors of 3768075?
3, 5, 16747
What are the prime factors of 1672779?
3, 19, 29347
What are the prime factors of 2061526?
2, 1030763
List the prime factors of 2705822.
2, 7, 17, 11369
What are the prime factors of 414036?
2, 3, 7, 31, 53
List the prime factors of 1383386.
2, 691693
What are the prime factors of 42850273?
179, 239387
List the prime factors of 734852.
2, 183713
What are the prime factors of 477922?
2, 197, 1213
List the prime factors of 2070937.
11, 73, 2579
List the prime factors of 4695672.
2, 3, 17, 677
List the prime factors of 194372.
2, 48593
List the prime factors of 13745131.
79, 257, 677
What are the prime factors of 5226310?
2, 5, 17, 71, 433
What are the prime factors of 34572?
2, 3, 43, 67
What are the prime factors of 1908046?
2, 7, 17, 8017
List the prime factors of 239180.
2, 5, 11959
What are the prime factors of 502385?
5, 13, 59, 131
What are the prime factors of 1110270?
2, 3, 5, 7, 17, 311
What are the prime factors of 30418942?
2, 3877, 3923
What are the prime factors of 267762?
2, 3, 11, 4057
List the prime factors of 5424025.
5, 19, 601
List the prime factors of 25190319.
3, 7, 11, 109049
What are the prime factors of 1446973?
11, 131543
List the prime factors of 13750667.
7, 1964381
List the prime factors of 5695255.
5, 17, 67003
List the prime factors of 409200.
2, 3, 5, 11, 31
What are the prime factors of 224260?
2, 5, 11213
What are the prime factors of 277194?
2, 3, 46199
List the prime factors of 12225886.
2, 6112943
List the prime factors of 35188425.
3, 5, 17377
List the prime factors of 3426093.
3, 11, 34607
List the prime factors of 11381254.
2, 5690627
List the prime factors of 931177.
13, 83, 863
What are the prime factors of 1999059?
3, 666353
List the prime factors of 510163.
23, 41, 541
List the prime factors of 497182.
2, 7, 17, 2089
List the prime factors of 681553.
61, 11173
What are the prime factors of 739020?
2, 3, 5, 109, 113
What are the prime factors of 2923598?
2, 109, 13411
List the prime factors of 4103379.
3, 7, 7237
List the prime factors of 88620.
2, 3, 5, 7, 211
List the prime factors of 38943113.
11, 3540283
What are the prime factors of 478413?
3, 13, 29, 47
List the prime factors of 3270895.
5, 53, 12343
What are the prime factors of 11526692?
2, 19, 151667
What are the prime factors of 360384?
2, 3, 1877
What are the prime factors of 365127?
3, 7, 17387
List the prime factors of 154679.
7, 19, 1163
What are the prime factors of 124931?
271, 461
List the prime factors of 110338.
2, 43, 1283
List the prime factors of 422388.
2, 3, 3911
List the prime factors of 282439.
282439
What are the prime factors of 327126?
2, 3, 54521
List the prime factors of 697097.
31, 113, 199
What are the prime factors of 2177591?
13, 191, 877
What are the prime factors of 17477371?
113, 154667
List the prime factors of 13238609.
2833, 4673
What are the prime factors of 287875?
5, 7, 47
List the prime factors of 182349.
3, 20261
What are the prime factors of 11220045?
3, 5, 748003
What are the prime factors of 74688?
2, 3, 389
What are the prime factors of 56296?
2, 31, 227
List the prime factors of 29557.
11, 2687
What are the prime factors of 6365995?
5, 1273199
What are the prime factors of 13102262?
2, 613, 10687
What are the prime factors of 8668007?
109, 281, 283
What are the prime factors of 9163657?
67, 233, 587
List the prime factors of 4765916.
2, 17, 109, 643
What are the prime factors of 352439?
31, 11369
What are the prime factors of 282113?
13, 21701
List the prime factors of 420018.
2, 3, 70003
List the prime factors of 31008669.
3, 23, 41, 97, 113
List the prime factors of 3791574.
2, 3, 210643
What are the prime factors